
Let b(t) = -14*t + 170 - 12*t**2 - 165 + 14*t**2. Suppose -26 = -4*f - 2*x, 0 = f + 5*x - 3 + 1. Give b(f).
5
Let d(y) = 321*y - 72. Let c(v) = 88*v - 18. Let w(b) = 11*c(b) - 3*d(b). What is w(10)?
68
Suppose -11*i + 944 = 97. Let u = i + -84. Let m(d) = -7*d**2 + 4*d + 5. Let g(a) = -10*a**2 + 6*a + 8. Let x(t) = u*m(t) + 5*g(t). Give x(4).
-3
Suppose 3*z + 175 = 5*j, 5*j - 28 = -z - 93. Let t be -1 - (z/5 - -4). Suppose -t*q = -14 - 7. Let h(u) = -u - 4. Give h(q).
-7
Suppose 31*b = 29*b + 10. Suppose -14*t - 19 = b*t. Let z(c) = 6*c**3 - c - 1. Calculate z(t).
-6
Let h(b) = b**3 - 6*b**2 - 7*b + 6. Let k be h(7). Let n(m) = -8 - m**3 + k*m - 7*m**3 + 10*m**2 + 2*m + 9*m**3. What is n(-9)?
1
Let p(z) = -12*z**3 + 5*z + 15 + 13*z**3 + 14*z**2 - 4*z. Let c be p(-14). Let w(t) = -5 + 0*t - t**2 - c + 0*t - 6*t. What is w(-6)?
-6
Let v(z) = -38*z**2 + 2*z - 1. Let r = 328 + 132. Let y = -459 + r. What is v(y)?
-37
Let z(i) = 10 - 6 + 6*i**2 - 5*i**2 - 7. Let x(w) = -7*w**2 - 4*w + 15. Let r(d) = x(d) + 5*z(d). Let m(k) = k**2 + 8*k - 13. Let l be m(-9). What is r(l)?
-16
Let s(p) = -p**3 - 7*p**2 - 10*p - 5. Let q(m) = -m**3 + 29*m**2 - 55*m + 22. Let n be q(27). Let g be s(n). Let z(v) = 2*v + 4. What is z(g)?
-6
Suppose -3*a + 72 = -3*v, -1 - 1 = 2*v. Suppose -2*c = 62 - 2. Let r = c + a. Let y(n) = -n**3 - 7*n**2 - 2*n + 4. What is y(r)?
18
Let i = -7536 + 7519. Let g(j) = j**3 + 15*j**2 - 37*j - 11. Calculate g(i).
40
Let y(x) be the first derivative of -3*x**2/2 - 9*x + 941. Give y(16).
-57
Let x(p) = 512*p**2 - 2*p + 3. Let y be x(1). Let q(t) = -y - 14*t - t**3 - 5*t + 502 - 11*t**2. What is q(-9)?
-2
Let x(j) be the third derivative of 5*j**4/24 - 2*j**3/3 - 159*j**2 + 4*j. What is x(3)?
11
Let b(f) be the third derivative of -f**7/2520 - f**6/144 + f**5/30 - f**4/6 - 11*f**3/6 - 193*f**2. Let r(h) be the second derivative of b(h). Calculate r(-6).
-2
Let c = 211 + -209. Let w(y) = y**2 + 6*y**2 + y**2 - 1 - 3*y + c*y. Give w(-1).
8
Let i(a) be the second derivative of -a**5/20 - 37*a**4/12 + 19*a**3/3 - a**2/2 - 10*a - 161. Give i(-38).
-1
Let z(w) = -4*w - 38. Let s(c) = 3*c - 22. Let l(i) = 8*i - 63. Let y(j) = -4*l(j) + 11*s(j). Let m(h) = 22*y(h) + 6*z(h). What is m(-4)?
0
Suppose -34 = -2*n + 6. Let y be n/50 - 54/10. Let a(r) = -2*r - 2. Let d(q) = 3*q + 4. Let i(b) = -4*a(b) - 3*d(b). What is i(y)?
1
Suppose 5*x = 5*f + 40, -2*x + 4 = 2*f + 2*f. Let t(d) = d**3 + d**2 - 15*d + 21. Let b(w) = -w**3 + 14*w - 20. Let i(o) = x*b(o) + 5*t(o). Give i(6).
3
Let w(r) = -r - 16. Suppose 4*c = -2*c + 24. Suppose 0 = c*q - 2 - 18. Suppose 10*a - q*a = 0. Give w(a).
-16
Let w(g) = -g**3 + 7*g**2 + 22*g - 9. Suppose -84*r = -70*r - 126. Give w(r).
27
Let r(q) = q + 3*q - 11*q + 6*q - 7. Suppose -f + 3*m + 2 = 0, 3*f + 0*f + 22 = 2*m. Give r(f).
3
Let o(s) = -s**2 - 4*s - 3. Let b be (-3 - -2)/((-2)/4). Let t(c) = -2*c**2 - 5*c - 4. Let y(r) = b*t(r) - 3*o(r). Let g be (-24)/(-60)*-20 - -10. What is y(g)?
1
Let i(d) = 4*d**2 + 225*d - 483*d + 28 + 226*d - 21. Determine i(8).
7
Let j(p) be the first derivative of -p**4/4 + 2*p**3 - 3*p**2 + p - 2. Suppose 0*k - 4*k = -68. Let q = -13 + k. Give j(q).
9
Let h(g) = -8*g - 11*g + 1 + 3*g. Suppose -4 = 3*y - 2*j, 3*y + 2*y = -5*j + 35. Suppose 0 = -2*c - y*n + n - 2, 0 = -4*n. Determine h(c).
17
Let n(s) = s**3 + 5*s**2 - 5*s + 8. Let y be n(-6). Let a(g) = 3*g**2 - g - 2. Let c be a(y). Let w(t) = t**3 - 7*t**2 - 8*t - 9. Calculate w(c).
-9
Let s(g) = -g + 7. Let n(a) = 5*a**3 - 2*a**2 + 3. Let k be n(1). Let c be ((-6)/(-8))/(2/24). Suppose -c*t = -k*t. Give s(t).
7
Let i(u) = 18 - 2*u**2 - u**2 - u + 4*u**2. Suppose -4*z + 32 = -2*f, -4*f + 5*z + 84 - 124 = 0. Determine i(f).
18
Let i(a) = -a**2 + 13*a - 14. Let h = -134 + 191. Let j be (18/5)/(((-84)/150)/(-7)). Let z = h - j. Give i(z).
-2
Let m(p) = 8*p**3 - 6*p**3 - p - 2*p**2 - p. Suppose -62 = -14*j + 8. Let d be (-2 - 4/4) + j. Give m(d).
4
Suppose -573*n - 651 - 72 = 423. Let t(q) = 0*q + 2 - 6 + 2*q. What is t(n)?
-8
Suppose -x = 6, 0 = -11*w + 8*w - 3*x - 27. Let f(l) = -4*l - 2. What is f(w)?
10
Let v(w) = -29*w + 11. Let f be 47 + 39633/(-825) + (-2)/(-50). What is v(f)?
40
Let z(o) = -o + 1. Let l(p) = p + 1. Let a(u) = 5*l(u) + 4*z(u). Suppose 2*c - 5*r - 13 = -3, -4*c - 4*r - 8 = 0. Determine a(c).
9
Let g = 49513/12 + -4126. Let p(n) be the second derivative of 0 + g*n**4 - 7/6*n**3 + 5/2*n**2 + 4*n. Calculate p(7).
5
Let g(p) be the first derivative of -p**2/2 - 4*p + 1. Let a(z) = z**3 - 43*z**2 + 106*z + 549. Let h be a(40). Give g(h).
7
Let q(t) = -t**3 + 8*t**2 + 9*t + 3. Suppose -14*x - 5396 + 1336 = 0. Let b = -281 - x. Calculate q(b).
3
Suppose 16 = 6*k - 2. Let i(q) = 6 - q**k + 3*q**3 + 2*q - 58*q**2 + 64*q**2 - q**3. What is i(-6)?
-6
Suppose -4677 = -200*l - 1677. Let i(p) = 3*p - 41. Give i(l).
4
Let v(s) = -105*s + 1170. Let q be v(11). Let x(z) = z**2 - 13*z - 58. Give x(q).
-28
Let x(l) be the third derivative of -l**7/2520 - l**6/80 - l**5/60 + 5*l**4/6 + 2*l**2 + 46. Let s(u) be the second derivative of x(u). Calculate s(-9).
-2
Suppose 174*d - 178*d = 12. Let l(b) = b - 2. Let u be l(d). Let q(w) = 2*w + 5. Determine q(u).
-5
Suppose -5 = -2*n + 3. Let b be n/(-2) + 5 + -9. Let t(z) = 34*z**2 - 8*z + 9. Let f(x) = 15*x**2 - 4*x + 4. Let l(c) = -9*f(c) + 4*t(c). Give l(b).
12
Suppose 0 = -737*w + 703*w - 957 - 539. Let v(r) = -r**3 - 46*r**2 - 86*r + 63. Calculate v(w).
-25
Let k(v) = -5*v**2 - 3*v + 5. Suppose -6*t - t = 3*t - 20. Calculate k(t).
-21
Let i(q) = -2*q + 8. Suppose 4*f - 6 = 5*x, 0*x + x + f = 6. Let y be (-12)/42 - ((-116)/14 - x). Suppose y = 91*b - 89*b. Determine i(b).
-2
Let f(j) be the third derivative of 3/2*j**3 + 0*j - 1/24*j**4 - 43*j**2 + 0. Give f(-10).
19
Let z(j) = 7*j**2 + 75*j - 24. Let a = -14565 + 14554. Determine z(a).
-2
Let o be (56/5)/(-4)*(9 + -4). Let k = o - -11. Let c be ((-5)/5 - k)/(1 + -2). Let y(f) = 7*f - 1. Calculate y(c).
-15
Let h(d) = -8*d + 46. Let m(z) = 8*z - 43. Let v(p) = -6*h(p) - 5*m(p). Let y be v(7). Let k(c) = c**2 - c + 6. Determine k(y).
36
Let u(j) = -j**2 + 16*j - 25. Suppose -57140*s + 57142*s = 22. Calculate u(s).
30
Let g = 9942 + -9937. Let c(t) = 6*t**2 - 35*t + 4. What is c(g)?
-21
Let q(t) be the third derivative of t**7/2520 - 11*t**6/720 - 17*t**5/120 - 11*t**4/6 - 69*t**2. Let j(x) be the second derivative of q(x). Give j(12).
-5
Let u(b) = b**3 + 19*b**2 - 48*b - 41. Let s be u(-21). Let y(w) = -40 - w + s - 45. Let k(q) = q - 4. Let f be k(0). Determine y(f).
4
Let t(r) = -4*r - 11. Let a(l) = 3*l + 12. Let j(q) = -4*a(q) - 5*t(q). Let m(v) = v - 1 + 1. Let f(p) = j(p) - 4*m(p). Give f(-5).
-13
Let k be 1*10/12*246/41. Let z(l) = -l**2 + 4. Let c(q) = q**2 - q. Let i(h) = 2*c(h) + z(h). What is i(k)?
19
Let g(l) be the second derivative of -l**4/12 + l**3/6 + l**2/2 - l. Let k = 7 + -8. Let u be 0 - ((k + -2 - -2) + -1). Determine g(u).
-1
Let j(l) = -2*l**3 + 15*l**2 + 8*l - 1. Let r = -3487 + 3495. Determine j(r).
-1
Let g be 4 + -8*1/2. Suppose 4*i + 21 = 37. Let f(x) = 1 + 3 - 6*x - i*x + 11*x. Give f(g).
4
Let f be (-1916)/1437*((-2)/2)/(3/9). Let u(o) = -o**2 - 3*o + 6. Determine u(f).
-22
Let u(f) = f + 4. Suppose 9*x - 6*x - 75 = 0. Suppose 0 = 5*w + x, -b - 3*w - 17 = -0*w. Calculate u(b).
2
Let i(w) = -w**3 - w**2 + w - 4. Suppose 0 = -12*c - 5 + 65. Suppose 2*u - 3*a - 7 - 5 = 0, c*a + 20 = 2*u. Give i(u).
-4
Suppose 22*f - 27*f = -185. Let y = -42 + f. Let j(g) be the second derivative of g**3/6 + g**2 - 4*g. Calculate j(y).
-3
Let p = 204 - 202. Let r(w) be the first derivative of w**3/3 + w**2 - 7*w + 8. Let t(b) be the first derivative of r(b). Determine t(p).
6
Let v(u) = -8*u**2 + 2*u + 11. Let t be (-58 - -68) + -14 + 1. What is v(t)?
-67
Let m = 800 + -797. Let r(t) = -9*t - 5 - 11 + 0*t + 11 - t**2 - m. What is r(-7)?
6
Let g(b) = b**2 - 8*b + 19. Let s(v) = -v**2 + 15*v + 120. Let t be s(21). Let x(w) = 2*w**2 - 16*w + 36. Let d(h) = t*x(h) + 11*g(h). Give d(6).
5
Let s(a) = -42*a**2 + 29*a - 55. Let b(g) = 25*g**2 - 16*g + 27. Let r(x) = -5*b(x) - 3*s(x). Calculate r(7).
30
Let j = 4725 - 4725. Let x(p) = p**2 - p + 23. Give x(j).
23
Let i(v) = -v**3 + 2*v**2 + 1. Let u(o) = o**2 + 37*o + 163. Let t be u(-32).